{"id":33,"date":"2022-12-06T16:05:40","date_gmt":"2022-12-06T19:05:40","guid":{"rendered":"https:\/\/iicsanpaolo.esteri.it\/chi-siamo\/"},"modified":"2025-04-01T12:54:02","modified_gmt":"2025-04-01T15:54:02","slug":"chi-siamo","status":"publish","type":"page","link":"https:\/\/iicsanpaolo.esteri.it\/pt\/chi-siamo\/","title":{"rendered":"Quem somos"},"content":{"rendered":"<p>O\u00a0<em>Istituto Italiano di Cultura<\/em>\u00a0de S\u00e3o Paulo, fundado em 1950, \u00e9 um \u00f3rg\u00e3o oficial do Governo Italiano, com sede na hist\u00f3rica mans\u00e3o de Av. Higien\u00f3polis, 436. O edif\u00edcio, constru\u00eddo nos anos vinte, em estilo neocl\u00e1ssico, hospeda os escrit\u00f3rios administrativos e disp\u00f5e de uma sala biblioteca e um espa\u00e7o destinado \u00e0 sala multim\u00eddia.<br \/>\nA presen\u00e7a de vinte e cinco milh\u00f5es de italianos e descendentes de italianos no Brasil confere ao Istituto uma tarefa importante e delicada:<\/p>\n<ul>\n<li>manter vivas e reativar os valores da tradi\u00e7\u00e3o e as liga\u00e7\u00f5es com a cultura de origem da comunidade que aqui chegou por ocasi\u00e3o do primeiro fluxo migrat\u00f3rio em 1880 e que nunca mais se interrompeu;<\/li>\n<li>enriquecer o panorama cultural com iniciativas voltadas n\u00e3o somente \u00e0 promo\u00e7\u00e3o da l\u00edngua e cultura italianas, mas tamb\u00e9m com a\u00e7\u00f5es de coopera\u00e7\u00e3o entre italianos e brasileiros em uma m\u00fatua troca de compet\u00eancias, experi\u00eancias que visam a favorecer um eficaz c\u00e2mbio intercultural;<\/li>\n<\/ul>\n<p>Apresentar a imagem da It\u00e1lia tanto como dona de um patrim\u00f4nio cl\u00e1ssico, como propulsora de iniciativas contempor\u00e2neas em diferentes \u00e2mbitos, atrav\u00e9s:<\/p>\n<ul>\n<li>da organiza\u00e7\u00e3o de eventos no campo das artes aplicadas, como concertos, mostras, exposi\u00e7\u00f5es de arquitetura, feiras de livro, festivais cinematogr\u00e1ficos, representa\u00e7\u00f5es teatrais, confer\u00eancias e semin\u00e1rios;<\/li>\n<li>uma biblioteca com aproximadamente 23 mil t\u00edtulos, a maioria em l\u00edngua italiana, entre livros, revistas, jornais e uma consistente videoteca;<\/li>\n<li>cursos de l\u00edngua e cultura italiana, com docentes qualificados e constantemente atualizados.<\/li>\n<\/ul>\n<p>&nbsp;<\/p>\n<p><strong>\u00c1rea de compet\u00eancia<\/strong><\/p>\n<p>O Istituto Italiano di Cultura de S\u00e3o Paulo coordena toda a \u00e1rea brasileira, exceto os estados da Bahia, Espirito Santo, Minas Gerais e Rio de Janeiro.<\/p>\n","protected":false},"excerpt":{"rendered":"O\u00a0Istituto Italiano di Cultura\u00a0de S\u00e3o Paulo, fundado em 1950, \u00e9 um \u00f3rg\u00e3o oficial do Governo Italiano, com sede na hist\u00f3rica mans\u00e3o de Av. Higien\u00f3polis, 436. O edif\u00edcio, constru\u00eddo nos anos vinte, em estilo neocl\u00e1ssico, hospeda os escrit\u00f3rios administrativos e disp\u00f5e de uma sala biblioteca e um espa\u00e7o destinado \u00e0 sala multim\u00eddia. A presen\u00e7a de vinte [&hellip;]","protected":false},"author":2,"featured_media":0,"parent":0,"menu_order":1,"comment_status":"closed","ping_status":"closed","template":"","meta":{"footnotes":""},"class_list":["post-33","page","type-page","status-publish","hentry"],"_links":{"self":[{"href":"https:\/\/iicsanpaolo.esteri.it\/pt\/wp-json\/wp\/v2\/pages\/33","targetHints":{"allow":["GET"]}}],"collection":[{"href":"https:\/\/iicsanpaolo.esteri.it\/pt\/wp-json\/wp\/v2\/pages"}],"about":[{"href":"https:\/\/iicsanpaolo.esteri.it\/pt\/wp-json\/wp\/v2\/types\/page"}],"author":[{"embeddable":true,"href":"https:\/\/iicsanpaolo.esteri.it\/pt\/wp-json\/wp\/v2\/users\/2"}],"replies":[{"embeddable":true,"href":"https:\/\/iicsanpaolo.esteri.it\/pt\/wp-json\/wp\/v2\/comments?post=33"}],"version-history":[{"count":3,"href":"https:\/\/iicsanpaolo.esteri.it\/pt\/wp-json\/wp\/v2\/pages\/33\/revisions"}],"predecessor-version":[{"id":6584,"href":"https:\/\/iicsanpaolo.esteri.it\/pt\/wp-json\/wp\/v2\/pages\/33\/revisions\/6584"}],"wp:attachment":[{"href":"https:\/\/iicsanpaolo.esteri.it\/pt\/wp-json\/wp\/v2\/media?parent=33"}],"curies":[{"name":"wp","href":"https:\/\/api.w.org\/{rel}","templated":true}]}}

<p>O <em>Istituto Italiano di Cultura</em> de São Paulo, fundado em 1950, é um órgão oficial do Governo Italiano, com sede na histórica mansão de Av. Higienópolis, 436. O edifício, construído nos anos vinte, em estilo neoclássico, hospeda os escritórios administrativos e dispõe de uma sala biblioteca e um espaço destinado à sala multimídia.<br />
A presença de vinte e cinco milhões de italianos e descendentes de italianos no Brasil confere ao Istituto uma tarefa importante e delicada:</p>
<ul>
<li>manter vivas e reativar os valores da tradição e as ligações com a cultura de origem da comunidade que aqui chegou por ocasião do primeiro fluxo migratório em 1880 e que nunca mais se interrompeu;</li>
<li>enriquecer o panorama cultural com iniciativas voltadas não somente à promoção da língua e cultura italianas, mas também com ações de cooperação entre italianos e brasileiros em uma mútua troca de competências, experiências que visam a favorecer um eficaz câmbio intercultural;</li>
</ul>
<p>Apresentar a imagem da Itália tanto como dona de um patrimônio clássico, como propulsora de iniciativas contemporâneas em diferentes âmbitos, através:</p>
<ul>
<li>da organização de eventos no campo das artes aplicadas, como concertos, mostras, exposições de arquitetura, feiras de livro, festivais cinematográficos, representações teatrais, conferências e seminários;</li>
<li>uma biblioteca com aproximadamente 23 mil títulos, a maioria em língua italiana, entre livros, revistas, jornais e uma consistente videoteca;</li>
<li>cursos de língua e cultura italiana, com docentes qualificados e constantemente atualizados.</li>
</ul>
<p>&nbsp;</p>
<p><strong>Área de competência</strong></p>
<p>O Istituto Italiano di Cultura de São Paulo coordena toda a área brasileira, exceto os estados da Bahia, Espirito Santo, Minas Gerais e Rio de Janeiro.</p>

O Istituto Italiano di Cultura de São Paulo, fundado em 1950, é um órgão oficial do Governo Italiano, com sede na histórica mansão de Av. Higienópolis, 436. O edifício, construído nos anos vinte, em estilo neoclássico, hospeda os escritórios administrativos e dispõe de uma sala biblioteca e um espaço destinado à sala multimídia. A presença de vinte [&hellip;]
