{"id":631,"date":"2023-01-02T20:04:05","date_gmt":"2023-01-02T23:04:05","guid":{"rendered":"https:\/\/iicsanpaolo.esteri.it\/amministrazione-trasparente\/contratti\/sovvenzioni-contributi-sussidi-e-vantaggi-economici\/"},"modified":"2024-11-05T13:04:24","modified_gmt":"2024-11-05T16:04:24","slug":"sovvenzioni-contributi-sussidi-e-vantaggi-economici","status":"publish","type":"page","link":"https:\/\/iicsanpaolo.esteri.it\/pt\/amministrazione-trasparente\/sovvenzioni-contributi-sussidi-e-vantaggi-economici\/","title":{"rendered":"Subs\u00eddios, contribui\u00e7\u00f5es e benef\u00edcios econ\u00f4micos"},"content":{"rendered":"<div class=\"sr-only\">Conte\u00fado presente s\u00f3 <a href=\"https:\/\/iicsanpaolo.esteri.it\/it\/amministrazione-trasparente\/contratti\/sovvenzioni-contributi-sussidi-e-vantaggi-economici\/\">em italiano<\/a><\/div>\n<div>\n<p style=\"text-align: right;\">\n<\/div>\n","protected":false},"excerpt":{"rendered":"Conte\u00fado presente s\u00f3 em italiano","protected":false},"author":7,"featured_media":0,"parent":496,"menu_order":2,"comment_status":"closed","ping_status":"closed","template":"","meta":{"footnotes":""},"class_list":["post-631","page","type-page","status-publish","hentry"],"_links":{"self":[{"href":"https:\/\/iicsanpaolo.esteri.it\/pt\/wp-json\/wp\/v2\/pages\/631","targetHints":{"allow":["GET"]}}],"collection":[{"href":"https:\/\/iicsanpaolo.esteri.it\/pt\/wp-json\/wp\/v2\/pages"}],"about":[{"href":"https:\/\/iicsanpaolo.esteri.it\/pt\/wp-json\/wp\/v2\/types\/page"}],"author":[{"embeddable":true,"href":"https:\/\/iicsanpaolo.esteri.it\/pt\/wp-json\/wp\/v2\/users\/7"}],"replies":[{"embeddable":true,"href":"https:\/\/iicsanpaolo.esteri.it\/pt\/wp-json\/wp\/v2\/comments?post=631"}],"version-history":[{"count":1,"href":"https:\/\/iicsanpaolo.esteri.it\/pt\/wp-json\/wp\/v2\/pages\/631\/revisions"}],"predecessor-version":[{"id":5658,"href":"https:\/\/iicsanpaolo.esteri.it\/pt\/wp-json\/wp\/v2\/pages\/631\/revisions\/5658"}],"up":[{"embeddable":true,"href":"https:\/\/iicsanpaolo.esteri.it\/pt\/wp-json\/wp\/v2\/pages\/496"}],"wp:attachment":[{"href":"https:\/\/iicsanpaolo.esteri.it\/pt\/wp-json\/wp\/v2\/media?parent=631"}],"curies":[{"name":"wp","href":"https:\/\/api.w.org\/{rel}","templated":true}]}}

Subsídios, contribuições e benefícios econômicos

<div class="sr-only">Conteúdo presente só <a href="https://iicsanpaolo.esteri.it/it/amministrazione-trasparente/contratti/sovvenzioni-contributi-sussidi-e-vantaggi-economici/">em italiano</a></div>
<div>
<p style="text-align: right;">
</div>

Conteúdo presente só em italiano
